se m = -18*h + 23*h. Is h prime?
True
Suppose -8*g + 8 = -16. Suppose -g*f = 1 - 10, -4*i - f = -3519. Is i a prime number?
False
Suppose 8*d = 9*d + 42. Let v be 1*2/(-7) + (-202998)/d. Suppose 0 = -5*g - a + 4837, -a = -5*g - 0*a + v. Is g prime?
True
Let c be 4*3/((-6)/2)*-1. Let s be (-6 - -2) + c + (0 - 1). Is (3*4/(-24))/(s/254) prime?
True
Let v(j) = 225*j**2 - 8*j + 41. Let c(w) = -w**3 + 23*w**2 + 24*w + 6. Let t be c(24). Is v(t) a composite number?
False
Let k(u) = -2*u**2 + 13*u - 4. Let i be k(6). Suppose y - 3*f - 3414 - 403 = 0, 0 = -i*y - 3*f + 7670. Is y prime?
False
Let o(n) = 1. Let x(z) = -134*z - 39. Let q(w) = 67*w + 19. Let l(t) = 9*q(t) + 4*x(t). Let a(f) = l(f) - 6*o(f). Is a(10) composite?
True
Let p(j) = j + 27. Let h(n) = 59*n - 10. Let k(w) = 2*h(w) + 2*p(w). Let v be 1*4*18/8. Is k(v) prime?
False
Let q = -382 + 238. Let a = -142 - q. Is 26/(-39) - a/(12/(-9550)) a prime number?
False
Is ((-2100308)/(-12))/(85/255) composite?
True
Suppose -52*c - 2664 = -64*c. Suppose -69*z = -67*z - c. Is z composite?
True
Let n = -14 - 0. Let y be (-1 + n)*(-181 - (-1 - 2)). Suppose -902 = 8*t - y. Is t prime?
False
Suppose 3*d - 41114 = -5*g + 3940, -5*d = 10. Suppose 113*l - 101*l = g. Is l a composite number?
False
Let w = 58829 + -4392. Is w a composite number?
False
Suppose -k + 3*o = -1, -4*k - 5*o + 6 + 15 = 0. Let q(b) = -b**2 + 15*b - 18. Let c be q(15). Is (2277/c)/((-2)/k) composite?
True
Let k be ((-20)/30)/(2/(-24)). Let w(h) = 19*h + 15*h + 69*h - k + 0*h. Is w(1) a prime number?
False
Suppose 0 = 8*h - 24, 276453 = 3*k + 135*h - 131*h. Is k a composite number?
True
Let c(x) = -32*x**2 - 29*x - 197. Let o(p) = -10*p**2 - 10*p - 66. Let i(k) = -3*c(k) + 8*o(k). Is i(16) a prime number?
True
Let a(c) = 773*c + 1479. Is a(44) a prime number?
True
Let d(m) = -372*m**2 - 2*m - 2. Let n = 48 + -53. Let r be d(n). Is r/(-44) - 10/55 composite?
False
Let r(o) = 8*o - 5. Suppose 3*z + 45 = -5*h, -2*z - 13 - 1 = 2*h. Let t = 19 + h. Is r(t) a prime number?
False
Is (-5 - (-660)/200)*-323770 a composite number?
True
Suppose p = -5*h + 3*h + 2, 0 = -h + p + 1. Suppose 5*f - h = 14. Suppose 2338 + 4397 = f*u. Is u a prime number?
False
Suppose 34*g = 26*g + 13120. Let t = 2791 - g. Is t prime?
True
Let r = -217767 + 434596. Is r a composite number?
False
Let z = -147 + 536. Suppose 1839 + z = 4*c. Is c prime?
True
Suppose 5*a - 3 = 17. Let d be ((-72)/126)/(a/(-42)). Is (-15)/10*(-328)/d composite?
True
Let j(a) = 35*a**3 - 9*a**2 + 10*a + 7. Let u be (-90)/(-12)*6/9. Is j(u) composite?
True
Suppose -20*m + 5502000 - 1796180 = 0. Is m a composite number?
False
Let s be (45/(-6) + 1)/(10/(-16900)). Suppose 0 = -c - 5, 5*l + 3*c - s = 5*c. Is l composite?
True
Suppose -2*z - 76 = -2*x, 0 = 4*x - 3*z - 0*z - 153. Is x - -2725 - (-3)/1 a prime number?
True
Let h(z) = 14*z**2 - 12*z + 11. Let c(p) = -p**3 - 5*p**2 - 2*p - 4. Let g be c(-5). Is h(g) a composite number?
False
Let x(i) = -39*i**2 - 46*i - 12. Let l(c) = 26*c**2 + 31*c + 8. Let q(u) = -7*l(u) - 5*x(u). Is q(9) prime?
False
Let q = 83 + -80. Suppose 96052 = 4*a - 4*g - 9524, -4*a + 105583 = q*g. Is a a composite number?
True
Suppose 0 = -3*s + d + 589069, -2*d - 981781 = -172*s + 167*s. Is s prime?
False
Let q be (11*(-4)/(-132))/((-6)/(-54)). Let w = 1529 + 303. Suppose -q*o + w = -991. Is o a prime number?
True
Let x = -1115 - -1656. Is x prime?
True
Let f be (1 - 1)/(18/(-9)). Let w be (-36)/(-9) + 4*206. Suppose -n = -0*n + 4*b - 227, 4*n - 4*b - w = f. Is n a prime number?
True
Suppose 0 = -10*r + 642 - 142. Suppose -r*h - 32788 = -64*h. Is h prime?
False
Let r(a) = -8*a**2 - 27*a - 548. Let h be r(-14). Let w = -812 + 225. Let s = w - h. Is s composite?
False
Let a(x) = -42*x - 5. Suppose 0 = 5*v - 16 - 9. Let i(m) = -m**3 + 5*m**2 - m - 3. Let g be i(v). Is a(g) a composite number?
False
Let a(j) = 26*j - 55. Let l be a(2). Let m(s) = -334*s**3 - 2*s**2 - 8*s + 5. Is m(l) a prime number?
True
Let b(o) = -9142*o**3 + 10*o**2 + 2*o - 9. Is b(-2) composite?
True
Suppose 48*c - 45*c = 103821. Is c a prime number?
True
Let u(w) = -1402*w + 13221. Is u(-95) prime?
False
Let g(o) = 78*o**3 - 8*o**2 + 5*o + 13. Let c be g(4). Suppose -2675 - c = -12*p. Is p a prime number?
True
Suppose 5*u + 242943 = -157*b + 161*b, 0 = 3*b - 5*u - 182206. Is b prime?
True
Suppose -415*b - 12 = -417*b, 4*b - 612239 = -o. Is o prime?
False
Let n = 19 - 47. Is (n/(-10))/(180/489150) composite?
True
Let n be (-3 - 5) + -21 + -8586. Let p = 43456 + n. Is p a prime number?
True
Suppose -855*f + 1209607 = -848*f. Is f a prime number?
True
Suppose -3*w + 19 + 2 = 0. Suppose -3*v + 4994 = -2*j, 5*j = 2*v + 10*j - 3361. Suppose w*m - v - 1069 = 0. Is m prime?
False
Let y = 256 + -183. Let s = 179 - y. Let r = -69 + s. Is r composite?
False
Suppose w = 5*w. Suppose -23*o + 18*o + 80 = w. Is o/20 - (1 - (-1736)/(-5)) prime?
True
Let g = -49 + 55. Suppose -3*u + 13 = s, 4*s + 33 = -u + g*u. Is (s - (-1 - -3))/((-12)/9582) composite?
True
Let o(b) = b**3 + 2*b + 4*b - 3*b - 2*b. Let i(l) = -4*l**3 + 2*l**2 + l - 3. Let n(d) = i(d) + 2*o(d). Is n(-4) prime?
False
Let o(a) = a**2 - 234*a + 68938. Is o(0) composite?
True
Suppose -256832 + 30472 = 5*g. Let l = g - -82701. Is l prime?
False
Let n(h) = -7292*h + 293. Is n(-9) a prime number?
True
Let x = 577 + -230. Is x prime?
True
Let c be (464/6)/(2/3 + 0). Let o = 683 + c. Is o a composite number?
True
Let n(y) = 7*y**3 - 8*y**2 + 55*y - 9. Is n(20) composite?
False
Let a be 2/9 + 7868/(-9). Let w = -286 + 97. Let i = w - a. Is i composite?
True
Let p(b) = 7084*b - 67. Is p(5) a prime number?
True
Suppose -2*y = 3*h - 20, 3 = -4*h - 5*y + 32. Suppose 0 = 2*z + i - 8, h*z - 2*z = 2*i + 8. Suppose z*m + 0*m + 4*x = 1735, 0 = -2*m - x + 1150. Is m composite?
True
Let r(k) = -129*k - 52. Let x be r(19). Let p = x - -5184. Is p composite?
True
Let l(c) = -5585*c + 978. Is l(-29) a composite number?
True
Let o(t) = -14*t + 45. Let l be o(3). Let u be ((-9)/(-6))/((-1)/(-2)). Suppose 0 = 3*w - u - l, 3*a + 4*w = 4079. Is a prime?
False
Is -1*((-24)/8 + -34970) a prime number?
False
Suppose 2*t + 14*t = -48. Is (134155/(-21) + t)*(-3)/2 a prime number?
True
Suppose 109385 = 95*c - 94*c - 4*t, -2*c - 2*t + 218700 = 0. Is c composite?
False
Suppose -140382 = -28*w + 213510. Suppose 20*d - 90659 = -w. Is d a composite number?
True
Let s be (-30)/9 + (-6)/(-18). Let b be (2 - (-3)/s)*5541. Let x = -2318 + b. Is x a prime number?
False
Is ((-3)/21)/(9/(-4733379)) prime?
True
Let f = 915494 + -478996. Is f composite?
True
Let a(v) = -6*v**3 + v**2 + 2*v. Let l be a(-1). Suppose 5*w = o - 19, -3*w - 2*w + 5 = l*o. Is (5/(-10))/(w/3246) a prime number?
True
Let c = 4379 + 16302. Is c a composite number?
False
Let n(z) = -86*z - 129. Let f be n(-4). Is (f - (2 + 2))*41 composite?
True
Let a be (-3)/9 + 1/((-3)/(-208)). Let p = a + -69. Let m(v) = v**3 + 1243. Is m(p) prime?
False
Suppose -7*x + 655840 + 2033050 = 3*x. Is x a composite number?
True
Let q(m) = -4*m**2 - 7*m + 27. Let z(k) = -11*k**2 - 22*k + 77. Let a(y) = 8*q(y) - 3*z(y). Is a(-20) a prime number?
False
Let h(q) = 4*q**3 + 1 - q**2 - 16*q**3 + 7*q**2 + 14*q**3 - 8*q - 2. Let y be (-1)/(((-2)/8)/1). Is h(y) a prime number?
True
Let d(y) = 5123*y - 51. Suppose -5*s - 42*r = -38*r - 26, -s + 4*r - 14 = 0. Is d(s) a prime number?
False
Let w(b) = -b**3 + 35*b**2 + 39*b + 26. Suppose -63*k + 465 = -48*k. Is w(k) composite?
True
Let f(x) = -x**2 - 13*x - 10. Let j be f(-12). Suppose -4*u = -4*m - u + 16, j*m = 4*u + 8. Suppose -3 + 8 = -5*i, 4*i + 1008 = m*c. Is c a prime number?
True
Let h(z) = z**3 + 12*z**2 - 8*z - 27. Let n be h(-12). Let s be ((-28)/8)/(3/12). Let q = n + s. Is q composite?
True
Let z(n) = 62*n - 21 + 115*n + 100*n. Let b be z(6). Let o = -832 + b. Is o a composite number?
False
Is 188952 - 35 - (-24)/2 a prime number?
False
Let z(t) = -9*t - 75. Let m be z(-8). Is 118*((-73)/(-2) + m) a prime number?
False
Let p = 1627499 + -941212. Is p prime?
False
Let o(k) = 138*k - 167. Let n(b) = 141*b - 168. Let r(l) = 3*n(l) - 4*o(l). Is r(-23) composite?
True
Suppose -5*o - 1 - 6 = 3*i, 4*o = -3*i - 2. Suppose -2*b = i, m - 4*m - 3*b + 4398 = 0. Is m a composite number?
True
Suppose -1192317